{"id":722,"date":"2018-05-30T13:01:40","date_gmt":"2018-05-30T11:01:40","guid":{"rendered":"http:\/\/www.dfki.de\/smartfactories\/?page_id=722"},"modified":"2022-04-04T07:31:59","modified_gmt":"2022-04-04T07:31:59","slug":"privacy-policy","status":"publish","type":"page","link":"https:\/\/smartfactories.dfki.de\/?page_id=722","title":{"rendered":"Privacy Policy"},"content":{"rendered":"<p><em>Deutsche Version unten \/ German version below<\/em><\/p>\n<p><strong>Data Protection Notice<\/strong><br \/>\nThe German Research Center for Artificial Intelligence (Deutsches Forschungszentrum f\u00fcr K\u00fcnstliche Intelligenz \u2014 DFKI) and its staff are committed to goal- and risk-oriented information privacy and the fundamental right to the protection of personal data. In this data protection policy we inform you about the processing of your personal data when visiting and using our web site.<\/p>\n<p><strong>Controller<\/strong><br \/>\nDeutsches Forschungszentrum f\u00fcr K\u00fcnstliche Intelligenz (DFKI)<br \/>\nPhone: +49 (0)631 \/ 205 75-0, E-Mail: info@dfki.de,\u00a0<a href=\"https:\/\/www.dfki.de\/web\/legal-info-en\">Legal information<\/a><\/p>\n<p><strong>Data protection officer<\/strong><br \/>\nPhone: +49 (0)631 \/ 205 75-0, E-Mail: datenschutz@dfki.de<\/p>\n<p><strong>Purpose of processing<\/strong><br \/>\nProvision of the information offering in the course of the public communication of the DFKI<br \/>\nEstablishment of contact and correspondence with visitors and users<\/p>\n<p><strong>Anonymous and protected usage<\/strong><br \/>\nVisit and usage of our web site are anonymous. At our web site personal data are only collected to the technically necessary extent. The processed data will not be transmitted to any third parties or otherwise disclosed, except on the basis of concrete lawful obligations. Within our information offering we do not embed information or service offerings of third party providers.<\/p>\n<p>While using our web site the data transmission in the internet is being protected by a generally accepted secure encryption procedure and hence cannot easily be eavesdropped or tampered.<\/p>\n<p><strong>Access data<\/strong><\/p>\n<p>On every access to our web site some usage, transmission and connection data will be collected, temporarily stored in a log file and regularly deleted after 90 days.<\/p>\n<p>On every access\/retrieval the following data are stored:<\/p>\n<p>IP address<br \/>\ntransmitted user agent information (in particular type\/version of web browser, operating system etc.)<br \/>\ntransmitted referrer information (URL of the referring page)<br \/>\ndate and time of the access\/retrieval<br \/>\ntransmitted access method\/function<br \/>\ntransmitted input values (search terms etc.)<br \/>\nretrieved page resp. file<br \/>\ntransmitted amount of data<br \/>\nstatus of processing the access\/retrieval<\/p>\n<p>The processing of the access data is lawful because it is necessary for the purposes of the legitimate interests pursued by DFKI. The legitimate interests pursued by DFKI are the adaptation and optimisation of the information offering and the investigation, detection and prosecution of illegal activities in connection with the usage of our web site.<\/p>\n<p>The stored data records can be statistically evaluated in order to adapt and optimize our web site to the needs of our visitors. Any techniques that offer the possibility to retrace the access characteristics of users (tracking) will not be applied. The creation of user profiles and automated decision-making based on it is precluded.<\/p>\n<p>The stored data records are not attributable to specific persons. They are generally not being combined with other data sources. However, the stored data can be analysed and combined with other data sources, if we become aware of concrete indications of any illegal usage.<\/p>\n<p><strong>Cookies<\/strong><\/p>\n<p>We use so-called cookies on our web site. Cookies are small files that are being stored by your web browser. The cookies used on our web site do not harm your computer and do not contain any malicious software. They offer a user-friendly and effective usage of our web site. We do not use cookies for marketing purposes.<\/p>\n<p>We transmit so-called session cookies to your web browser. They are valid only for the duration of your visit on our web site and they do not have any meaning outside of our web site. The session cookies are needed in order to identify your session with a unique number during your visit and to transmit our contents in your preferred language. At the end of your visit the session cookies will be automatically deleted upon termination of your web browser.<\/p>\n<p>We also transmit permanent cookies to your web browser with a validity period of at most 365 days. We are exclusively using these cookies in order to respect your settings for the type of presentation (normal, inverted) and for the font size. Furthermore, it will be recorded whether you\u2019ve taken notice of the information about the usage of cookies in your web browser.<\/p>\n<p>You can adjust your web browser such that you will be informed on setting cookies and allow cookies on an individual basis resp. exclude the acceptance of cookies for specific cases or generally. You also can adjust the automatic deletion of cookies upon termination of your web browser. Upon deactivation of cookies the functionality of our web site can be limited. In any case, our information offering is available to its full extent.<\/p>\n<p><strong>Social Media<\/strong><\/p>\n<p>We do not embed social media plug-ins on our web site. When you are visiting our web site no data are transmitted to social media services. Profiling by any third parties hence is precluded. You though have the option to change over to our information offerings on Facebook, Twitter and YouTube. For the usage of these services we refer to the data protection policies of the respective service providers. We are processing your personal data within the social networks insofar as you post contributions, send messages or otherwise communicate with us.<\/p>\n<p><strong>Correspondence<\/strong><\/p>\n<p>You have the option to contact us by e-mail. We will use your e-mail address and other personal contact data for the correspondence with you. Due to lawful obligation every e-mail correspondence will be archived. Subject to our legitimate interests your e-mail address and other personal contact data can be stored in our contact data base. In this case you will receive a corresponding information on the processing of your contact data.<\/p>\n<p><strong>Access and Intervention<\/strong><\/p>\n<p>Besides the information in this data protection policy you have the right of access to your personal data. To ensure fair data processing, you have the following rights:<\/p>\n<p>The right to rectification and completion of your personal data<br \/>\nThe right to erasure of your personal data<br \/>\nThe right to restriction of the processing of your personal data<br \/>\nThe right to object to the processing of your personal data on grounds related to your particular situation<br \/>\nTo exercise these rights, please contact our data protection officer.<\/p>\n<p><strong>Right to lodge a complaint<\/strong><\/p>\n<p>You have the right to lodge a complaint with a supervisory authority if you consider that the processing of your personal data infringes statutory data protection regulations.<\/p>\n<hr class=\"wp-block-separator\" \/>\n<p><strong>Datenschutzerkl\u00e4rung<\/strong><\/p>\n<p>Das DFKI (Deutsches Forschungszentrum f\u00fcr K\u00fcnstliche Intelligenz) und seine Mitarbeiter\/-innen setzen sich ziel- und risikoorientiert f\u00fcr die informationelle Selbstbestimmung und das Grundrecht auf Schutz personenbezogener Daten ein. In dieser Datenschutzerkl\u00e4rung informieren wir Sie \u00fcber die Verarbeitung Ihrer personenbezogenen Daten bei Besuch und Benutzung unserer Webseite.<\/p>\n<p><strong>Verantwortlicher<\/strong><\/p>\n<p>Deutsches Forschungszentrum f\u00fcr K\u00fcnstliche Intelligenz (DFKI)<br \/>\nTelefon: +49 (0)631 \/ 205 75-0, E-Mail: info@dfki.de,\u00a0<a href=\"https:\/\/www.dfki.de\/web\/legal-info-de\">Impressum<\/a><\/p>\n<p><strong>Datenschutzbeauftragter<\/strong><\/p>\n<p>Telefon: +49 (0)631 \/ 205 75-0, E-Mail: datenschutz@dfki.de<\/p>\n<p><strong>Zweck der Verarbeitung<\/strong><\/p>\n<p>Bereitstellung des Informationsangebotes im Rahmen der \u00d6ffentlichkeitsarbeit des DFKI<br \/>\nKontaktaufnahme und Korrespondenz mit Besuchern und Benutzern<\/p>\n<p><strong>Anonyme und gesch\u00fctzte Benutzung<\/strong><\/p>\n<p>Der Besuch und die Benutzung unserer Webseite sind anonym. Personenbezogene Daten werden auf unserer Webseite nur im technisch notwendigen Umfang erhoben. Die verarbeiteten personenbezogenen Daten werden au\u00dfer aufgrund konkreter gesetzlicher Verpflichtungen nicht an Dritte \u00fcbermittelt oder in anderer Weise offengelegt. Wir binden innerhalb unseres Informationsangebots keine Inhalts- oder Serviceangebote von Drittanbietern ein.<\/p>\n<p>Bei der Benutzung unserer Webseite ist die Daten\u00fcbertragung im Internet durch ein als sicher anerkanntes Verschl\u00fcsselungsverfahren gegen Kenntnisnahme Dritter gesch\u00fctzt und kann somit nicht auf einfache Weise beobachtet oder verf\u00e4lscht werden kann.<\/p>\n<p><strong>Zugriffsdaten<\/strong><\/p>\n<p>Bei jedem Zugriff auf unsere Webseite werden Nutzungs-, Verkehrs- und Verbindungsdaten erhoben, vor\u00fcbergehend in einer Protokolldatei gespeichert und regelm\u00e4\u00df nach 90 Tagen gel\u00f6scht.<\/p>\n<p>\u00dcber jeden Zugriff\/Abruf werden folgende Daten gespeichert:<\/p>\n<p>IP-Adresse<br \/>\n\u00fcbermittelte User-Agent Information (insb. Typ\/Version von Webbrowser, Betriebssystem, usw.)<br \/>\n\u00fcbermittelte Referrer Information (URL der verweisenden Seite)<br \/>\nDatum und Uhrzeit des Zugriffs\/Abrufs<br \/>\n\u00fcbermittelte Zugriffsmethode\/Funktion<br \/>\n\u00fcbermittelte Eingabewerte (Suchbegriffe, usw.)<br \/>\naufgerufene Seite bzw. abgerufene Datei<br \/>\n\u00fcbertragene Datenmenge<br \/>\nStatus der Verarbeitung des Zugriffs\/Abrufs<\/p>\n<p>Die Verarbeitung der Zugriffsdaten ist rechtm\u00e4\u00dfig, weil sie zur Wahrung berechtigter Interessen des DFKI erforderlich ist. Die berechtigten Interessen des DFKI sind die Anpassung und Optimierung des Informationsangebots und die Ermittlung, Aufdeckung von Verfolgung von rechtswidrigen Handlungen im Zusammenhang mit der Benutzung der Webseite.<\/p>\n<p>Die gespeicherten Datens\u00e4tze k\u00f6nnen statistisch ausgewertet werden, um unser Informationsangebot an die Bed\u00fcrfnisse unserer Besucher anpassen und optimieren zu k\u00f6nnen. Techniken, die es erm\u00f6glichen, das Zugriffsverhalten der Benutzer nachzuvollziehen (Tracking), werden nicht eingesetzt. Die Erstellung von Benutzerprofilen und eine darauf beruhende automatisierte Entscheidungsfindung ist ausgeschlossen.<\/p>\n<p>Die gespeicherten Datens\u00e4tze sind nicht bestimmten Personen zuordenbar. Eine Zusammenf\u00fchrung mit anderen Datenquellen wird grunds\u00e4tzlich nicht vorgenommen. Die gespeicherten Daten k\u00f6nnen jedoch gepr\u00fcft und mit anderen Datenquellen zusammengef\u00fchrt werden, wenn uns konkrete Anhaltspunkte f\u00fcr eine rechtswidrige Benutzung bekannt werden.<\/p>\n<p><strong>Cookies<\/strong><\/p>\n<p>Auf unserer Webseite verwenden wir sogenannte Cookies. Cookies sind kleine Dateien, die von Ihrem Webbrowser gespeichert werden. Die auf unserer Webseite verwendeten Cookies richten auf Ihrem Rechner keinen Schaden an und enthalten keine Schadsoftware. Sie erm\u00f6glichen eine benutzerfreundliche und effektive Nutzung unserer Webseite. Wir verwenden Cookies nicht f\u00fcr Werbezwecke.<\/p>\n<p>Wir \u00fcbertragen an Ihren Webbrowser tempor\u00e4re Session Cookies. Sie sind nur f\u00fcr die Dauer Ihres Besuches auf unserer Webseite g\u00fcltig und sie haben au\u00dferhalb unserer Webseite keine Bedeutung. Die tempor\u00e4ren Cookies werden verwendet, um Ihre Sitzung w\u00e4hrend Ihres Besuches mit einer eindeutigen Nummer zu identifizieren und unsere Inhalte in der von Ihnen bevorzugten Sprache zu \u00fcbertragen. Nach Ende Ihres Besuches k\u00f6nnen Sie die Session Cookies durch Beendigung Ihres Webbrowsers l\u00f6schen.<\/p>\n<p>Wir \u00fcbertragen an Ihren Webbrowser auch permanente Cookies mit einer G\u00fcltigkeitsdauer von h\u00f6chstens 365 Tagen. Wir verwenden diese Cookies ausschlie\u00dflich dazu, bei Ihrem n\u00e4chsten Besuch unserer Webseite Ihre Einstellungen f\u00fcr die Art der Darstellung (normal, invertiert) und f\u00fcr die Schriftgr\u00f6\u00dfe zu beachten. Weiterhin wird vermerkt, ob Sie die Information \u00fcber die Verwendung von Cookies in Ihrem Webbrowser zur Kenntnis genommen haben.<\/p>\n<p>Sie k\u00f6nnen Ihren Webbrowser so einstellen, dass Sie \u00fcber das Setzen von Cookies informiert werden und Cookies nur im Einzelfall erlauben bzw. die Annahme von Cookies f\u00fcr bestimmte F\u00e4lle oder generell ausschlie\u00dfen. Bereits gespeicherte Cookies k\u00f6nnen Sie in den Einstellungen Ihres Webbrowsers l\u00f6schen. Sie k\u00f6nnen auch das automatische L\u00f6schen von Cookies beim Beenden Ihres Webbrowsers einstellen. Bei der Deaktivierung von Cookies kann die Funktionalit\u00e4t unserer Webseite eingeschr\u00e4nkt sein. In jedem Fall steht unser Informationsangebot in seinem vollem Umfang zur Verf\u00fcgung.<\/p>\n<p><strong><br \/>\nSocial Media<\/strong><\/p>\n<p>Wir betten keine Social Media Plugins in unserer Webseite ein. Wenn Sie unsere Webseite besuchen, werden daher keine Daten an Social Media Services \u00fcbermittelt. Eine Profilbildung durch Dritte ist somit ausgeschlossen. Sie haben jedoch die M\u00f6glichkeit, direkt zu unseren Informationsangeboten auf Facebook, Twitter und YouTube zu wechseln. F\u00fcr die Benutzung dieser Dienste verweisen wir auf die Gesch\u00e4ftsbedingungen und die Datenschutzbestimmungen der jeweiligen Betreiber. Wir verarbeiten Ihre personenbezogene Daten innerhalb der sozialen Netzwerke soweit Sie Beitr\u00e4ge einstellen, Nachrichten versenden oder auf andere Weise mit uns kommunizieren.<\/p>\n<p><strong>Korrespondenz<\/strong><\/p>\n<p>Sie haben die M\u00f6glichkeit, uns per E-Mail zu kontaktieren. Ihre E-Mail-Adresse und andere personenbezogene Kontaktdaten verwenden wir f\u00fcr die Korrespondenz mit Ihnen. Aufgrund gesetzlicher Verpflichtung wird jede E-Mail-Korrespondenz archiviert. Soweit zur Wahrung unserer berechtigten Interessen erforderlich, k\u00f6nnen Ihre E-Mail-Adresse und andere personenbezogene Kontaktdaten aus der Korrespondenz in unserer Kontaktdatenbank gespeichert werden. In diesem Fall werden Sie eine entsprechende Information \u00fcber die Verarbeitung Ihrer Kontaktdaten erhalten.<\/p>\n<p><strong>Auskunft und Intervention<\/strong><\/p>\n<p>Neben der Information in dieser Datenschutzerkl\u00e4rung haben Sie das Recht auf Auskunft \u00fcber Ihre personenbezogenen Daten. Zur Gew\u00e4hrleistung einer fairen Verarbeitung bestehen f\u00fcr Sie die folgenden Interventionsrechte:<\/p>\n<p>Das Recht auf Berichtigung und Vervollst\u00e4ndigung Ihrer personenbezogenen Daten<br \/>\nDas Recht auf L\u00f6schung Ihrer personenbezogenen Daten<br \/>\nDas Recht auf Einschr\u00e4nkung der Verarbeitung Ihrer personenbezogenen Daten<br \/>\nDas Recht auf Widerspruch gegen die Verarbeitung Ihrer personenbezogenen Daten aus Gr\u00fcnden Ihrer besonderen Situation<br \/>\nF\u00fcr die Aus\u00fcbung Ihrer Rechte wenden Sie sich bitte an unseren Datenschutzbeauftragten.<\/p>\n<p><strong>Recht auf Beschwerde<\/strong><\/p>\n<p>Sie haben das Recht auf Beschwerde bei einer Aufsichtsbeh\u00f6rde, wenn Sie der Ansicht sind, dass die Verarbeitung Ihrer personenbezogenen Daten gegen gesetzliche Datenschutzvorschriften verst\u00f6\u00dft.<\/p>\n","protected":false},"excerpt":{"rendered":"<p>Deutsche Version unten \/ German version below Data Protection Notice The German Research Center for Artificial Intelligence (Deutsches Forschungszentrum f\u00fcr K\u00fcnstliche Intelligenz \u2014 DFKI) and its staff are committed to goal- and risk-oriented information privacy and the fundamental right to &hellip; <a href=\"https:\/\/smartfactories.dfki.de\/?page_id=722\">Continue reading <span class=\"meta-nav\">&rarr;<\/span><\/a><\/p>\n","protected":false},"author":3,"featured_media":0,"parent":0,"menu_order":10,"comment_status":"closed","ping_status":"open","template":"","meta":{"footnotes":""},"class_list":["post-722","page","type-page","status-publish","hentry"],"_links":{"self":[{"href":"https:\/\/smartfactories.dfki.de\/index.php?rest_route=\/wp\/v2\/pages\/722","targetHints":{"allow":["GET"]}}],"collection":[{"href":"https:\/\/smartfactories.dfki.de\/index.php?rest_route=\/wp\/v2\/pages"}],"about":[{"href":"https:\/\/smartfactories.dfki.de\/index.php?rest_route=\/wp\/v2\/types\/page"}],"author":[{"embeddable":true,"href":"https:\/\/smartfactories.dfki.de\/index.php?rest_route=\/wp\/v2\/users\/3"}],"replies":[{"embeddable":true,"href":"https:\/\/smartfactories.dfki.de\/index.php?rest_route=%2Fwp%2Fv2%2Fcomments&post=722"}],"version-history":[{"count":2,"href":"https:\/\/smartfactories.dfki.de\/index.php?rest_route=\/wp\/v2\/pages\/722\/revisions"}],"predecessor-version":[{"id":960,"href":"https:\/\/smartfactories.dfki.de\/index.php?rest_route=\/wp\/v2\/pages\/722\/revisions\/960"}],"wp:attachment":[{"href":"https:\/\/smartfactories.dfki.de\/index.php?rest_route=%2Fwp%2Fv2%2Fmedia&parent=722"}],"curies":[{"name":"wp","href":"https:\/\/api.w.org\/{rel}","templated":true}]}}